iple of 239?
False
Is 705 a factor of 24671513?
False
Does 152 divide 37987478?
False
Is 153 a factor of 2799064008?
True
Is 250 a factor of 5132000?
True
Does 151 divide 619830756?
False
Is 55495120 a multiple of 8?
True
Does 4613 divide 125140829?
False
Does 101 divide 5593568?
False
Does 871 divide 1792958726?
True
Is 11317482 a multiple of 1914?
True
Is 22 a factor of 92146252?
True
Does 73 divide 20273676?
False
Is 1900088841 a multiple of 14?
False
Is 18 a factor of 92937348?
True
Is 493048080 a multiple of 8?
True
Is 42 a factor of 996817206?
True
Does 3097 divide 10790510?
False
Does 23 divide 109592257?
False
Is 38666340 a multiple of 4?
True
Does 13 divide 292100028?
False
Is 370 a factor of 428635374?
False
Is 772 a factor of 60341836?
True
Is 76 a factor of 12830320?
True
Does 171 divide 42162273?
True
Does 983 divide 7626741?
False
Is 1290706368 a multiple of 867?
True
Is 72248636 a multiple of 2?
True
Is 2303644 a multiple of 58?
True
Is 4200576 a multiple of 4?
True
Does 9667 divide 5533120124?
True
Is 54366966 a multiple of 177?
True
Does 5 divide 416653212?
False
Does 40 divide 8532480?
True
Does 24 divide 143210976?
True
Does 76 divide 61834588?
True
Does 2942 divide 98274568?
True
Is 19 a factor of 220182870?
False
Is 28 a factor of 17572436?
True
Is 1835 a factor of 409805045?
True
Is 56139698 a multiple of 4357?
False
Is 253107455 a multiple of 33?
False
Is 16 a factor of 25042304?
True
Is 411 a factor of 19136160?
True
Does 18 divide 8534429?
False
Does 1105 divide 199779580?
True
Is 554 a factor of 6936634?
True
Is 774 a factor of 97025544?
True
Is 906 a factor of 195273554?
False
Is 2392146 a multiple of 18?
True
Does 65 divide 473184785?
False
Does 13 divide 955647293?
False
Does 630 divide 735152733?
False
Does 32 divide 20423328?
True
Is 5 a factor of 96780470?
True
Is 106 a factor of 464124455?
False
Is 24 a factor of 46609214?
False
Is 304 a factor of 2545009685?
False
Is 21663180 a multiple of 2310?
True
Is 309601291 a multiple of 7?
False
Is 115 a factor of 813089330?
True
Does 12 divide 1832508334?
False
Is 236 a factor of 10720300?
True
Is 42764648 a multiple of 113?
False
Is 29 a factor of 13406355?
False
Is 2193576901 a multiple of 280?
False
Is 6 a factor of 39489642?
True
Does 3565 divide 861211304?
False
Is 69 a factor of 3263385360?
True
Does 10 divide 264502884?
False
Does 8982 divide 136023408?
True
Is 2463 a factor of 477824019?
False
Is 32828826 a multiple of 6?
True
Does 3478 divide 2914393578?
True
Does 315 divide 189335921?
False
Is 9414856 a multiple of 3?
False
Is 713296305 a multiple of 329?
False
Is 10 a factor of 1868372506?
False
Is 70690330 a multiple of 7?
False
Is 126 a factor of 1195779997?
False
Is 10 a factor of 18893740?
True
Is 861 a factor of 2399921?
False
Does 4323 divide 270685760?
False
Is 1760 a factor of 313111040?
True
Is 18564019 a multiple of 504?
False
Is 304360 a multiple of 8?
True
Does 6 divide 18339577?
False
Is 564553 a multiple of 147?
False
Is 3042944906 a multiple of 9?
False
Does 5 divide 30736605?
True
Does 13 divide 1180401287?
True
Is 127958449 a multiple of 7?
False
Is 205846392 a multiple of 8?
True
Is 638 a factor of 169496197?
False
Is 3144 a factor of 126693768?
True
Is 19 a factor of 71706541?
False
Does 210 divide 111060810?
True
Is 69172320 a multiple of 42?
True
Is 503 a factor of 27597277?
False
Does 83 divide 193501987?
False
Is 24156849 a multiple of 35?
False
Does 5033 divide 102258269?
False
Does 72 divide 440019525?
False
Is 285 a factor of 309364064?
False
Does 48 divide 2897945280?
True
Is 30239750 a multiple of 145?
True
Does 5489 divide 496260490?
True
Is 36 a factor of 100573436?
False
Is 468641511 a multiple of 8?
False
Is 41 a factor of 88734182?
False
Does 81 divide 9676424?
False
Is 264057574 a multiple of 20?
False
Is 15508875 a multiple of 560?
False
Is 490 a factor of 219970398?
False
Is 3713463682 a multiple of 30?
False
Is 1380320905 a multiple of 11?
False
Does 20 divide 50476960?
True
Is 970 a factor of 468122000?
True
Is 5237 a factor of 134432469?
False
Is 11656428 a multiple of 719?
True
Is 269740688 a multiple of 56?
True
Is 207 a factor of 2181494754?
True
Is 10 a factor of 710058870?
True
Is 574 a factor of 796341003?
False
Is 2437186 a multiple of 886?
False
Is 591053020 a multiple of 5?
True
Is 29 a factor of 1007862694?
True
Does 390 divide 403105490?
False
Does 126 divide 38971923?
False
Does 66 divide 544343559?
False
Is 2 a factor of 296477873?
False
Is 44 a factor of 195329376?
True
Does 2001 divide 35957209?
False
Does 676 divide 221758420?
True
Is 17 a factor of 2491901557?
False
Does 37 divide 288804832?
True
Does 6122 divide 216614726?
True
Is 155715806 a multiple of 446?
False
Is 22979880 a multiple of 120?
True
Does 19 divide 138780533?
False
Is 51908160 a multiple of 139?
True
Does 17 divide 76320531?
True
Is 10 a factor of 1191250?
True
Is 3 a factor of 3053700?
True
Does 639 divide 19672908?
False
Is 850921659 a multiple of 5013?
True
Does 38 divide 15511068?
True
Is 22 a factor of 21712306?
True
Is 798 a factor of 89979288?
True
Is 2140860 a multiple of 5755?
True
Is 17 a factor of 180636016?
True
Does 336 divide 172669573?
False
Is 1843 a factor of 22894123?
False
Does 1249 divide 32945399?
False
Does 197 divide 81440850?
False
Is 1035 a factor of 2005739955?
True
Is 92817655 a multiple of 445?
True
Is 41850668 a multiple of 578?
True
Does 7 divide 23473394?
True
Does 185 divide 50347935?
True
Does 14 divide 36600158?
True
Is 2685 a factor of 874901880?
True
Is 4814530812 a multiple of 702?
True
Is 175037814 a multiple of 2?
True
Does 7 divide 117063735?
False
Is 27 a factor of 209901078?
True
Does 604 divide 46576856?
True
Does 59 divide 119462846?
True
Is 537580044 a multiple of 18?
True
Is 174217764 a multiple of 266?
True
Is 174 a factor of 36957252?
True
Is 171318224 a multiple of 3?
False
Is 9837885 a multiple of 6?
False
Is 2244335610 a multiple of 7390?
True
Is 3089290 a multiple of 5?
True
Is 5573448617 a multiple of 892?
False
Does 62 divide 1885146054?
False
Does 121 divide 186753961?
False
Is 14 a factor of 2237123?
False
Is 3377 a factor of 940960526?
True
Is 8 a factor of 6053224?
True
Is 25 a factor of 6272800?
True
Does 339 divide 67488798?
True
Is 44 a factor of 932706266?
False
Does 1255 divide 800816755?
True
Is 47630763 a multiple of 70?
False
Does 4270 divide 128966810?
True
Does 14 divide 58083480?
True
Does 82 divide 34542992?
True
Does 399 divide 298537445?
False
Does 60 divide 1468733614?
False
Does 181 divide 501120487?
False
Does 16 divide 595811109?
False
Is 893 a factor of 2150429728?
True
Does 81 divide 3805947?
True
Does 12 divide 30695568?
True
Is 347 a factor of 182973966?
False
Is 522270987 a multiple of 21?
True
Is 229087936 a multiple of 40?
False
Does 1132 divide 192248692?
True
Is 53 a factor of 102062789?
True
Does 219 divide 219522411?
False
Is 15 a factor of 58054275?
True
Is 481 a factor of 92359911?
False
Is 291574512 a multiple of 48?
True
Is 1147 a factor of 1770968?
True
Is 339 a factor of 1186018620?
True
Is 7768 a factor of 1629854106?
False
Is 796166348 a multiple of 46?
False
Does 10 divide 73475690?
True
Is 1270604574 a multiple of 14?
False
Is 104537888 a multiple of 112?
True
Is 68389710 a multiple of 10?
True
Does 6327 divide 674445546?
True
Does 485 divide 500043730?
True
Does 229 divide 4049201?
False
Does 7 divide 24520414?
False
Is 40417080 a multiple of 55?
True
Is 22307166 a multiple of 21?
True
Is 1090599096 a multiple of 372?
True
Is 175831459 a multiple of 3582?
False
Is 59 a factor of 8512048?
True
Is 43099140 a multiple of 1780?
True
Does 226 divide 352985993?
False
Is 3547 a factor of 568069962?
False
Is 4961238552 a multiple of 828?
True
Does 15 divide 1878746880?
True
Does 207 divide 611437428?
True
Is 232 a factor of 100193007?
False
Does 17 divide 473840?
False
Is 395 a factor of 33516919?
False
Is 259 a factor of 1705199538?
True
Does 458 divide 2176586834?
True
Is 2122939509 a multiple of 2421?
False
Is 791 a factor of 296440537?
False
Does 12 divide 2146283881?
False
Does 3 divide 1108460?
False
Is 456 a factor of 338122052?
False
Does 5190 divide 723664044?
False
Is 49 a factor of 12576977?
True
Does 21 divide 278522601?
True
Does